{"id":48,"date":"2022-01-26T10:11:24","date_gmt":"2022-01-26T09:11:24","guid":{"rendered":"https:\/\/www.baumundblume.de\/?page_id=48"},"modified":"2022-01-26T10:38:32","modified_gmt":"2022-01-26T09:38:32","slug":"lage","status":"publish","type":"page","link":"https:\/\/www.baumundblume.de\/?page_id=48","title":{"rendered":"Lage"},"content":{"rendered":"\n<div class=\"wp-block-columns is-layout-flex wp-container-core-columns-is-layout-9d6595d7 wp-block-columns-is-layout-flex\">\n<div class=\"wp-block-column is-layout-flow wp-block-column-is-layout-flow\">\n<p><strong>Im Norden der Altmark<\/strong><\/p>\n\n\n\n<p>Unsere Ferienwohnung liegt auf halber Strecke zwischen Berlin und Hamburg, etwa 10 km von der Elbe entfernt.<\/p>\n\n\n\n<p>Die n\u00e4chsten gr\u00f6\u00dferen umliegenden Orte sind:<br>Wittenberge (Brandenburg) 18 km<br>Seehausen (Sachsen-Anhalt) 18 km<br>Gartow (Niedersachsen) 15 km<\/p>\n\n\n\n<p>Die Gegend eignet sich gut zum Fahrrad fahren, Kanu \/ Kajak fahren auf den umliegenden Fl\u00fcssen, Kan\u00e4len und Seen, Natur beobachten &#8211; ausruhen &#8211; und vieles mehr \u2026<\/p>\n<\/div>\n\n\n\n<div class=\"wp-block-column is-layout-flow wp-block-column-is-layout-flow\">\n<div class=\"col-md-6\">\n       <iframe loading=\"lazy\" width=\"100%\" height=\"425\" frameborder=\"0\" scrolling=\"no\" marginheight=\"0\" marginwidth=\"0\" src=\"https:\/\/maps.google.de\/maps?near=Deutscher+Dorfstra%C3%9Fe+20,+39615+Gro%C3%9F+Garz&amp;geocode=CfPrksri_MYtFXAyKAMd0MSwACn7QgkDWPquRzEdKL_2oaoG4A&amp;q=baum+und+blume&amp;f=l&amp;hl=de&amp;sll=52.971232,11.583023&amp;sspn=0.020675,0.039482&amp;ie=UTF8&amp;hq=baum+und+blume&amp;hnear=&amp;t=m&amp;cid=8567227227428717765&amp;ll=52.973351,11.582251&amp;spn=0.020674,0.039396&amp;z=14&amp;iwloc=A&amp;output=embed\"><\/iframe>\n       <br \/>\n       <small><a href=\"https:\/\/maps.google.de\/maps?near=Deutscher+Dorfstra%C3%9Fe+20,+39615+Gro%C3%9F+Garz&amp;geocode=CfPrksri_MYtFXAyKAMd0MSwACn7QgkDWPquRzEdKL_2oaoG4A&amp;q=baum+und+blume&amp;f=l&amp;hl=de&amp;sll=52.971232,11.583023&amp;sspn=0.020675,0.039482&amp;ie=UTF8&amp;hq=baum+und+blume&amp;hnear=&amp;t=m&amp;cid=8567227227428717765&amp;ll=52.973351,11.582251&amp;spn=0.020674,0.039396&amp;z=14&amp;iwloc=A&amp;source=embed\" style=\"color:#0000FF;text-align:left\">Gr\u00f6\u00dfere Kartenansicht<\/a><\/small> <\/div>\n<\/div>\n<\/div>\n","protected":false},"excerpt":{"rendered":"<p>Im Norden der Altmark Unsere Ferienwohnung liegt auf halber Strecke zwischen Berlin und Hamburg, etwa 10 km von der Elbe entfernt. Die n\u00e4chsten gr\u00f6\u00dferen umliegenden Orte sind:Wittenberge (Brandenburg) 18 kmSeehausen (Sachsen-Anhalt) 18 kmGartow (Niedersachsen) 15 km Die Gegend eignet sich gut zum Fahrrad fahren, Kanu \/ Kajak fahren auf den umliegenden Fl\u00fcssen, Kan\u00e4len und Seen,&hellip; <a class=\"more-link\" href=\"https:\/\/www.baumundblume.de\/?page_id=48\"><span class=\"screen-reader-text\">Lage<\/span> weiterlesen<\/a><\/p>\n","protected":false},"author":1,"featured_media":0,"parent":0,"menu_order":0,"comment_status":"closed","ping_status":"closed","template":"","meta":{"footnotes":""},"class_list":["post-48","page","type-page","status-publish","hentry","entry"],"_links":{"self":[{"href":"https:\/\/www.baumundblume.de\/index.php?rest_route=\/wp\/v2\/pages\/48","targetHints":{"allow":["GET"]}}],"collection":[{"href":"https:\/\/www.baumundblume.de\/index.php?rest_route=\/wp\/v2\/pages"}],"about":[{"href":"https:\/\/www.baumundblume.de\/index.php?rest_route=\/wp\/v2\/types\/page"}],"author":[{"embeddable":true,"href":"https:\/\/www.baumundblume.de\/index.php?rest_route=\/wp\/v2\/users\/1"}],"replies":[{"embeddable":true,"href":"https:\/\/www.baumundblume.de\/index.php?rest_route=%2Fwp%2Fv2%2Fcomments&post=48"}],"version-history":[{"count":4,"href":"https:\/\/www.baumundblume.de\/index.php?rest_route=\/wp\/v2\/pages\/48\/revisions"}],"predecessor-version":[{"id":147,"href":"https:\/\/www.baumundblume.de\/index.php?rest_route=\/wp\/v2\/pages\/48\/revisions\/147"}],"wp:attachment":[{"href":"https:\/\/www.baumundblume.de\/index.php?rest_route=%2Fwp%2Fv2%2Fmedia&parent=48"}],"curies":[{"name":"wp","href":"https:\/\/api.w.org\/{rel}","templated":true}]}}